{"id":54,"date":"2021-11-05T08:48:44","date_gmt":"2021-11-05T08:48:44","guid":{"rendered":"http:\/\/cancerdemama.geyseco.es\/?page_id=54"},"modified":"2021-11-19T09:56:05","modified_gmt":"2021-11-19T09:56:05","slug":"secretaria-tecnica","status":"publish","type":"page","link":"https:\/\/cancerdemama26.geyseco.es\/index.php\/secretaria-tecnica\/","title":{"rendered":"Secretaria t\u00e8cnica"},"content":{"rendered":"\n<div class=\"wp-block-contact-form-7-contact-form-selector\">\n<div class=\"wpcf7 no-js\" id=\"wpcf7-f281-o1\" lang=\"es-ES\" dir=\"ltr\">\n<div class=\"screen-reader-response\"><p role=\"status\" aria-live=\"polite\" aria-atomic=\"true\"><\/p> <ul><\/ul><\/div>\n<form action=\"\/index.php\/wp-json\/wp\/v2\/pages\/54#wpcf7-f281-o1\" method=\"post\" class=\"wpcf7-form init\" aria-label=\"Formulario de contacto\" novalidate=\"novalidate\" data-status=\"init\">\n<div style=\"display: none;\">\n<input type=\"hidden\" name=\"_wpcf7\" value=\"281\" \/>\n<input type=\"hidden\" name=\"_wpcf7_version\" value=\"5.8.5\" \/>\n<input type=\"hidden\" name=\"_wpcf7_locale\" value=\"es_ES\" \/>\n<input type=\"hidden\" name=\"_wpcf7_unit_tag\" value=\"wpcf7-f281-o1\" \/>\n<input type=\"hidden\" name=\"_wpcf7_container_post\" value=\"0\" \/>\n<input type=\"hidden\" name=\"_wpcf7_posted_data_hash\" value=\"\" \/>\n<\/div>\n<div class=\"ataFomHeader\" style=\"display: flex;\">\n\t<div class=\"ataFormImg\" style=\"margin-right: 2%;\">\n\t\t<p><a href=\"https:\/\/www.geyseco.es\" target=\"_blank\"><img decoding=\"async\" src=\"\/wp-content\/uploads\/2021\/11\/geyseco_color.svg\" alt=\"\" width=\"220\" border=\"0\" \/><\/a>\n\t\t<\/p>\n\t<\/div>\n\t<div class=\"ataFormText\" style=\"margin-right: 2%;\">\n\t\t<p style=\"margin-bottom:0;\"><strong>Tel: <\/strong>932 212 242\n\t\t<\/p>\n\t\t<p><a href=\"mailto:mama@geyseco.es\" class=\"texte\"><strong>mama@geyseco.es<\/strong><\/a>\n\t\t<\/p>\n\t<\/div>\n\t<div class=\"ataFormSocial\" style=\"display:flex;\">\n\t\t<p><a href=\"https:\/\/www.facebook.com\/geyseco.es\" target=\"_blank\"><img decoding=\"async\" src=\"\/wp-content\/uploads\/2024\/08\/facebook.svg\" alt=\"\" width=\"35\" border=\"0\" \/><\/a><br \/>\n<a href=\"https:\/\/twitter.com\/geyseco\" target=\"_blank\"><img decoding=\"async\" src=\"\/wp-content\/uploads\/2024\/08\/twitter.svg\" alt=\"\" width=\"35\" border=\"0\" \/><\/a>\n\t\t<\/p>\n\t<\/div>\n<\/div>\n<div class=\"ataFomContent\">\n\t<p><label><span class=\"wpcf7-form-control-wrap\" data-name=\"your-name\"><input size=\"40\" class=\"wpcf7-form-control wpcf7-text wpcf7-validates-as-required\" aria-required=\"true\" aria-invalid=\"false\" placeholder=\"Nom\" value=\"\" type=\"text\" name=\"your-name\" \/><\/span> <\/label><br \/>\n<label><span class=\"wpcf7-form-control-wrap\" data-name=\"your-surname\"><input size=\"40\" class=\"wpcf7-form-control wpcf7-text wpcf7-validates-as-required\" aria-required=\"true\" aria-invalid=\"false\" placeholder=\"Cognom\" value=\"\" type=\"text\" name=\"your-surname\" \/><\/span> <\/label><br \/>\n<label><span class=\"wpcf7-form-control-wrap\" data-name=\"your-email\"><input size=\"40\" class=\"wpcf7-form-control wpcf7-email wpcf7-validates-as-required wpcf7-text wpcf7-validates-as-email\" aria-required=\"true\" aria-invalid=\"false\" placeholder=\"E-Mail\" value=\"\" type=\"email\" name=\"your-email\" \/><\/span> <\/label><br \/>\n<label><span class=\"wpcf7-form-control-wrap\" data-name=\"tel-175\"><input size=\"40\" class=\"wpcf7-form-control wpcf7-tel wpcf7-validates-as-required wpcf7-text wpcf7-validates-as-tel\" aria-required=\"true\" aria-invalid=\"false\" placeholder=\"Tel\u00e8fon\" value=\"\" type=\"tel\" name=\"tel-175\" \/><\/span><\/label><br \/>\n<label><span class=\"wpcf7-form-control-wrap\" data-name=\"your-message\"><textarea cols=\"40\" rows=\"10\" class=\"wpcf7-form-control wpcf7-textarea wpcf7-validates-as-required\" aria-required=\"true\" aria-invalid=\"false\" placeholder=\"Missatge\" name=\"your-message\"><\/textarea><\/span> <\/label>\n\t<\/p>\n\t<div class=\"ataAcept\">\n\t\t<p><span class=\"wpcf7-form-control-wrap\" data-name=\"acceptance-446\"><span class=\"wpcf7-form-control wpcf7-acceptance\"><span class=\"wpcf7-list-item\"><input type=\"checkbox\" name=\"acceptance-446\" value=\"1\" aria-invalid=\"false\" \/><\/span><\/span><\/span> Accepto la <a href=\"\/politica-de-proteccio-de-dades\/\">Pol\u00edtica de Privacitat<\/a>\n\t\t<\/p>\n\t<\/div>\n\t<div class=\"ataCaptcha\">\n\t\t<p><input type=\"hidden\" name=\"_wpcf7_captcha_challenge_captcha-1\" value=\"1406741857\" \/><img loading=\"lazy\" decoding=\"async\" class=\"wpcf7-form-control wpcf7-captchac wpcf7-captcha-captcha-1\" width=\"72\" height=\"24\" alt=\"captcha\" src=\"https:\/\/cancerdemama26.geyseco.es\/wp-content\/uploads\/wpcf7_captcha\/1406741857.png\" \/>\n\t\t<\/p>\n\t<\/div>\n\t<div>\n\t\t<p>Introdu\u00efu el text de la imatge:\n\t\t<\/p>\n\t<\/div>\n\t<div>\n\t\t<p><span class=\"wpcf7-form-control-wrap\" data-name=\"captcha-1\"><input size=\"40\" class=\"wpcf7-form-control wpcf7-captchar\" autocomplete=\"off\" aria-invalid=\"false\" value=\"\" type=\"text\" name=\"captcha-1\" \/><\/span>\n\t\t<\/p>\n\t<\/div>\n\t<div class=\"ataSubmit\" style=\"padding-top:1%;\">\n\t\t<p><input class=\"wpcf7-form-control wpcf7-submit has-spinner\" type=\"submit\" value=\"Enviar\" \/>\n\t\t<\/p>\n\t<\/div>\n\t<div class=\"llei\" style=\"padding-top:1%;\">\n\t\t<p style=\"font-size: 9px;\"> De conformitat amb el que estableix amb la Llei Org\u00e0nica 15\/1.999, de 13 de desembre de Protecci\u00f3 de dades de car\u00e0cter personal, s'informa a les persones que emplenin aquest formulari, que les dades que hi introdu\u00efu, formaran part d'un fitxer inform\u00e0tic titularitat de Grup Geyseco SL amb domicili al carrer Marina 27 de Barcelona (08005), creat amb la finalitat de prestar de manera adequada els nostres serveis i \/ o d'informar a la seva adre\u00e7a postal i \/ o electr\u00f2nica, sobre q\u00fcestions i projectes relacionats amb la nostra companyia i \/ o d'\u00e0mbit t\u00e8cnic cient\u00edfic o professional, sanitari i \/ o farmac\u00e8utic que entenem poden ser del seu inter\u00e8s. Mitjan\u00e7ant l'enviament d'aquest formulari, el remitent d\u00f3na el seu consentiment expr\u00e9s al tractament automatitzat de les dades incloses en el mateix. Grup Geyseco S.L. li assegura la confidencialitat de les seves dades personals i li garanteix que en cap cas seran cedides a terceres empreses alienes al nostre grup. Pot exercir els seus drets d'acc\u00e9s, rectificaci\u00f3, cancel\u00b7laci\u00f3 i oposici\u00f3, dirigint-se a: Departament de M\u00e0rqueting de Grup Geyseco SL o a l'adre\u00e7a de correu electr\u00f2nic: <a href=\"mailto:info@geyseco.es\">info@geyseco.es<\/a>\n\t\t<\/p>\n\t<\/div>\n<\/div><div class=\"wpcf7-response-output\" aria-hidden=\"true\"><\/div>\n<\/form>\n<\/div>\n<\/div>\n","protected":false},"excerpt":{"rendered":"","protected":false},"author":1,"featured_media":0,"parent":0,"menu_order":0,"comment_status":"closed","ping_status":"closed","template":"","meta":{"footnotes":""},"class_list":["post-54","page","type-page","status-publish"],"_links":{"self":[{"href":"https:\/\/cancerdemama26.geyseco.es\/index.php\/wp-json\/wp\/v2\/pages\/54","targetHints":{"allow":["GET"]}}],"collection":[{"href":"https:\/\/cancerdemama26.geyseco.es\/index.php\/wp-json\/wp\/v2\/pages"}],"about":[{"href":"https:\/\/cancerdemama26.geyseco.es\/index.php\/wp-json\/wp\/v2\/types\/page"}],"author":[{"embeddable":true,"href":"https:\/\/cancerdemama26.geyseco.es\/index.php\/wp-json\/wp\/v2\/users\/1"}],"replies":[{"embeddable":true,"href":"https:\/\/cancerdemama26.geyseco.es\/index.php\/wp-json\/wp\/v2\/comments?post=54"}],"version-history":[{"count":10,"href":"https:\/\/cancerdemama26.geyseco.es\/index.php\/wp-json\/wp\/v2\/pages\/54\/revisions"}],"predecessor-version":[{"id":286,"href":"https:\/\/cancerdemama26.geyseco.es\/index.php\/wp-json\/wp\/v2\/pages\/54\/revisions\/286"}],"wp:attachment":[{"href":"https:\/\/cancerdemama26.geyseco.es\/index.php\/wp-json\/wp\/v2\/media?parent=54"}],"curies":[{"name":"wp","href":"https:\/\/api.w.org\/{rel}","templated":true}]}}