{"id":63,"date":"2021-11-05T08:54:40","date_gmt":"2021-11-05T08:54:40","guid":{"rendered":"http:\/\/cancerdemama.geyseco.es\/?page_id=63"},"modified":"2021-11-05T08:54:40","modified_gmt":"2021-11-05T08:54:40","slug":"us-de-cookies","status":"publish","type":"page","link":"https:\/\/cancerdemama26.geyseco.es\/index.php\/us-de-cookies\/","title":{"rendered":"\u00das de cookies"},"content":{"rendered":"<h2>POL\u00cdTICA DE COOKIES<\/h2>\n<p><strong>GESTION DE CONGRESOS Y SOCIEDADES MEDICAS SL (GEYSECO) utiliza los siguientes tipos de cookies:<\/strong><\/p>\n<h3>CLASIFICADAS POR SU TITULARIDAD:<\/h3>\n<p>* Cookies propias: enviadas y gestionadas directamente por GESTION DE CONGRESOS Y SOCIEDADES MEDICAS SL.<br \/>\n* Cookies gestionadas de forma an\u00f3nima, con la finalidad de realizar estudios estad\u00edsticos de navegaci\u00f3n por las p\u00e1ginas web de GESTION DE CONGRESOS Y SOCIEDADES MEDICAS SL.<\/p>\n<h3>CLASIFICADAS POR SU FINALIDAD:<\/h3>\n<p>* Cookies t\u00e9cnicas y\/o de personalizaci\u00f3n: facilitan la navegaci\u00f3n, al identificar la sesi\u00f3n, permitir el acceso a herramientas de acceso restringido, adem\u00e1s de configurar a medida las opciones disponibles. Posibilitan la prestaci\u00f3n del servicio solicitado previamente por el usuario.<br \/>\n* Cookies de an\u00e1lisis y\/o publicidad: permiten conocer el n\u00famero de visitas recibidas en las diferentes secciones de las p\u00e1ginas web, los h\u00e1bitos y tendencias de sus usuarios y en consecuencia, poder mejorar la navegaci\u00f3n y el servicio ofrecido por GESTION DE CONGRESOS Y SOCIEDADES MEDICAS SL (fundamentalmente, Google Analytics), as\u00ed como gestionar los espacios publicitarios incluidos en la p\u00e1gina web visitada por el usuario. Recopila datos de forma an\u00f3nima con la finalidad de obtener perfiles de navegaci\u00f3n de los usuarios.<\/p>\n<h3>CLASIFICADAS POR SU DURACI\u00d3N:<\/h3>\n<p>* Cookies de sesi\u00f3n: No recaban y almacenan los datos mientras el usuario accede a la p\u00e1gina web. * Cookies persistentes: No recaban y almacenan los datos en el terminal del usuario durante un periodo de tiempo variable en funci\u00f3n de cu\u00e1l sea la finalidad para la que han sido utilizadas<\/p>\n<h3>IMPORTANTE:<\/h3>\n<p>En cualquier caso, los usuarios pueden configurar su navegador, de manera que se deshabilite o bloquee la recepci\u00f3n de todas o algunas de las cookies. El hecho de no desear recibir estas cookies, no constituye un impedimento para poder acceder a la informaci\u00f3n de los sitios web de GESTION DE CONGRESOS Y SOCIEDADES MEDICAS SL aunque el uso de algunos servicios podr\u00e1 ser limitado. Si una vez otorgado el consentimiento para la recepci\u00f3n de cookies, se desease retirar \u00e9ste, se deber\u00e1n eliminar aquellas almacenadas en el equipo del usuario, a trav\u00e9s de las opciones de los diferentes navegadores.<\/p>\n<p>La forma de configurar los diferentes navegadores para ejercitar las acciones se\u00f1aladas en los p\u00e1rrafos anteriores, se puede consultar en:<br \/>\n* Explorer: http:\/\/windows.microsoft.com\/es-es\/windows7\/how-to-manage-cookies -in-internet-explorer-9<br \/>\n* Chrome: https:\/\/support.google.com\/chrome\/answer\/95647?hl=es<br \/>\n* Firefox: http:\/\/support.mozilla.org\/es\/kb\/cookies-informacion-que-los-siti os-web-guardan-en-?redirectlocale=en-US&amp;redirectslug=Cookies<\/p>\n<p>En ning\u00fan caso se utilizan cookies o web bugs para recabar datos personales identificativos del usuario. El uso de cookies o web bugs se reserva exclusivamente para facilitar al usuario accesibilidad al sitio web (preferencias y pautas de navegaci\u00f3n del usuario).<\/p>\n<p>El uso de cookies de sesi\u00f3n (que no son memorizadas de forma permanente en el ordenador del usuario y desaparecen cerrando el navegador), en su caso, \u00fanicamente se limitar\u00e1 a recoger informaci\u00f3n t\u00e9cnica para identificar la sesi\u00f3n con la finalidad de facilitar la exploraci\u00f3n segura y eficiente del sitio web.<\/p>\n<p>Si no desea permitir el uso de los elementos indicados, configure su navegador para que rechace las cookies y\/o elimine las existentes, y deshabilite el c\u00f3digo Java Script del navegador en la configuraci\u00f3n de seguridad.<\/p>\n<h2>COOKIES POLICY<\/h2>\n<p>Through this document, GESTION DE CONGRESOS Y SOCIEDADES MEDICAS SL (GEYSECO) sets forth its Cookies processing and installation Policy in compliance with the provisions of article 22.2 of Spanish Law 34\/2002, of 11 July on information society services and electronic commerce (LSSICE).<br \/>\nThe cookies are stored on the user\u2019s terminal (computer or mobile device) and collect information upon visiting the website www.geyseco.es for the purpose of improving the usability thereof, understand users\u2019 browsing needs and habits in order to adapt to them as well as obtain information for statistical aims. In the case of users who are already GESTION DE CONGRESOS Y SOCIEDADES MEDICAS SL (GEYSECO) customers, the information collected through the cookies will also be used for their identification upon accessing the different tools that GESTION DE CONGRESOS Y SOCIEDADES MEDICAS SL (GEYSECO) makes available to manage the services. This Cookies Policy will apply to users who voluntarily visit the GESTION DE CONGRESOS Y SOCIEDADES MEDICAS SL (GEYSECO) webpages, complete data collection forms, access the tools that GESTION DE CONGRESOS Y SOCIEDADES MEDICAS SL (GEYSECO) makes available to its customers to manage their services or use any other service at the website that involves data communication to GESTION DE CONGRESOS Y SOCIEDADES MEDICAS SL (GEYSECO) or data access by GESTION DE CONGRESOS Y SOCIEDADES MEDICAS SL (GEYSECO) for the provision of its services. GESTION DE CONGRESOS Y SOCIEDADES MEDICAS SL (GEYSECO) hereby informs users of its webpages of the existence of cookies and makes this Policy available for the purpose of informing you of the use and aim thereof. Continuing to browse through the pages implies knowledge and acceptance of this Policy by said users. GESTION DE CONGRESOS Y SOCIEDADES MEDICAS SL (GEYSECO) uses the following types of cookies:<\/p>\n<h3>CLASSIFIED BY THEIR OWNERSHIP:<\/h3>\n<p>* First-party cookies: sent and managed directly by GESTION DE CONGRESOS Y SOCIEDADES MEDICAS SL. * Cookies managed anonymously for the purposes of statistical studies of the browsing of GESTION DE CONGRESOS Y SOCIEDADES MEDICAS SL webpages.<\/p>\n<h3>CLASSIFIED BY THEIR PURPOSE:<\/h3>\n<p>* Technical and\/or customisation cookies: they facilitate browsing with session identification and allow access to tools of restricted access as well as custom configuration of available options. They enable the provision of services previously requested by users. * Analysis and\/or advertising cookies: they make it possible to know the number of visits received by the different website sections, user habits and trends and, as a result, be able to enhance browsing and the services offered by GESTION DE CONGRESOS Y SOCIEDADES MEDICAS SL (essentially, Google Analytics) as well as manage the advertising spaces included on the webpage visited by the user. They compile data anonymously in order to obtain user browsing profiles.<\/p>\n<h3>CLASSIFIED BY THEIR DURATION:<\/h3>\n<p>* Session cookies: They do not collect or store data while the user accesses the webpage. * Persistent cookies: They do not collect or store data on the user\u2019s terminal for a variable period of time based on the purpose of use. IMPORTANT: In any case, users may adjust their browser settings to disable or block the receipt of all or some cookies. Not wanting to receive these cookies does not hinder access to the information on the GESTION DE CONGRESOS Y SOCIEDADES MEDICAS SL websites; however, the use of some services may be limited. If after granting consent for the receipt of cookies, you wish to withdraw it, all cookies stored on the user\u2019s computer must be deleted using the options available for the different browsers. The way to adjust settings for the different browsers in order to take the actions described above may be consulted at: * Explorer: https:\/\/support.microsoft.com\/en-gb\/help\/17442\/windows-internet-explorer-delete-manage-cookies * Chrome: https:\/\/support.google.com\/chrome\/answer\/95647?hl=en * Firefox: https:\/\/support.mozilla.org\/en-US\/kb\/enable-and-disable-cookies-website-preferences Under no circumstance are cookies or web bugs used to collect personal data which identifies the user. The use of cookies or web bugs is exclusively reserved to facilitate user accessibility to the website (user browsing preferences and guidelines). The use of session cookies (which are not permanently memorised on the user\u2019s computer and disappear upon closing the browser), as applicable, is limited to only collecting technical information to identify the session for secure and efficient website exploration. If you do not wish to allow the use of the elements indicated, adjust your browser settings to reject cookies and\/or delete existing ones and disable the browser Java Script code in the security settings.<\/p>\n","protected":false},"excerpt":{"rendered":"<p>POL\u00cdTICA DE COOKIES GESTION DE CONGRESOS Y SOCIEDADES MEDICAS SL (GEYSECO) utiliza los siguientes tipos de cookies: CLASIFICADAS POR SU TITULARIDAD: * Cookies propias: enviadas y gestionadas directamente por GESTION DE CONGRESOS Y SOCIEDADES MEDICAS SL. * Cookies gestionadas de forma an\u00f3nima, con la finalidad de realizar estudios estad\u00edsticos de navegaci\u00f3n por las p\u00e1ginas web &#8230; <a title=\"\u00das de cookies\" class=\"read-more\" href=\"https:\/\/cancerdemama26.geyseco.es\/index.php\/us-de-cookies\/\" aria-label=\"M\u00e9s sobre \u00das de cookies\">Llegiu m\u00e9s<\/a><\/p>\n","protected":false},"author":1,"featured_media":0,"parent":0,"menu_order":0,"comment_status":"closed","ping_status":"closed","template":"","meta":{"footnotes":""},"class_list":["post-63","page","type-page","status-publish"],"_links":{"self":[{"href":"https:\/\/cancerdemama26.geyseco.es\/index.php\/wp-json\/wp\/v2\/pages\/63","targetHints":{"allow":["GET"]}}],"collection":[{"href":"https:\/\/cancerdemama26.geyseco.es\/index.php\/wp-json\/wp\/v2\/pages"}],"about":[{"href":"https:\/\/cancerdemama26.geyseco.es\/index.php\/wp-json\/wp\/v2\/types\/page"}],"author":[{"embeddable":true,"href":"https:\/\/cancerdemama26.geyseco.es\/index.php\/wp-json\/wp\/v2\/users\/1"}],"replies":[{"embeddable":true,"href":"https:\/\/cancerdemama26.geyseco.es\/index.php\/wp-json\/wp\/v2\/comments?post=63"}],"version-history":[{"count":1,"href":"https:\/\/cancerdemama26.geyseco.es\/index.php\/wp-json\/wp\/v2\/pages\/63\/revisions"}],"predecessor-version":[{"id":64,"href":"https:\/\/cancerdemama26.geyseco.es\/index.php\/wp-json\/wp\/v2\/pages\/63\/revisions\/64"}],"wp:attachment":[{"href":"https:\/\/cancerdemama26.geyseco.es\/index.php\/wp-json\/wp\/v2\/media?parent=63"}],"curies":[{"name":"wp","href":"https:\/\/api.w.org\/{rel}","templated":true}]}}